4b86
5ab32 (base 12) to base 14
3295c
-10222012200202 (base 3) to base 5
-1020011412
2412044 (base 6) to base 11
86882
38a74 (base 13) to base 6
2130152
Convert 3035433 (base 6) to base 10.
145101
Convert -4661812 (base 10) to base 6.
-243530244
Convert -337341 (base 8) to base 15.
-23d6b
Convert -111110000011101010 (base 2) to base 8.
-760352
Convert -710508 (base 10) to base 15.
-e07c3
Convert 7204567 (base 9) to base 3.
21020011122021
2716631 (base 8) to base 15
100846
Convert -dc1935 (base 14) to base 8.
-34344753
1181127 (base 9) to base 6
21444341
116002 (base 7) to base 6
242244
What is 39a628 (base 11) in base 10?
628988
Convert -e29825 (base 15) to base 10.
-10764710
Convert -1020330111 (base 4) to base 8.
-1107425
172463 (base 9) to base 11
73285
Convert 69bf9 (base 16) to base 9.
730142
What is -15441213 (base 6) in base 11?
-34608a
Convert 337800 (base 10) to base 9.
564333
Convert 35232 (base 7) to base 8.
21517
Convert 12b1b7a (base 12) to base 16.
38b04e
Convert -884843 (base 11) to base 4.
-11120230203
Convert -110735 (base 10) to base 5.
-12020420
What is -1535131020 (base 6) in base 5?
-20001421011
-301c1d (base 16) to base 2
-1100000001110000011101
-43048b1 (base 12) to base 9
-25804217
-1456142 (base 7) to base 12
-9720b
What is 3030313330 (base 5) in base 16?
5d2497
What is 40044102 (base 5) in base 15?
63752
Convert -401555 (base 7) to base 5.
-4132411
Convert -1011000101110111 (base 2) to base 16.
-b177
1242444011 (base 5) to base 7
35203222
Convert -355516 (base 9) to base 13.
-7654b
Convert -26240124 (base 7) to base 16.
-249069
3cb6e (base 16) to base 15
4da41
-11101011001100110 (base 2) to base 15
-25a32
383d1a (base 14) to base 16
1d7954
Convert -10677 (base 9) to base 4.
-1233031
11000010010011001 (base 2) to base 15
1e721
What is -2277682 (base 9) in base 12?
-4b5362
10011110100011011001 (base 2) to base 10
649433
Convert 49339b (base 12) to base 2.
100100001111101100111
Convert -8a3c4 (base 14) to base 7.
-2565134
What is -10220201211211 (base 3) in base 5?
-1013044212
-262506 (base 8) to base 9
-148414
-331322032 (base 4) to base 10
-253582
-102555042 (base 6) to base 14
-35508a
What is -110100100010101000010100 (base 2) in base 16?
-d22a14
433c (base 13) to base 4
2102002
Convert 6333571 (base 8) to base 16.
19b779
What is 504874 (base 10) in base 6?
14453214
What is -145669 (base 10) in base 5?
-14130134
97a200 (base 11) to base 2
101111110001100111010
What is -101222201102021 (base 3) in base 16?
-591dc3
What is 39593 (base 13) in base 5?
11401141
What is -11034475 (base 8) in base 14?
-45b1db
1000001100000010111101011 (base 2) to base 3
1012022102111001
What is -210413103 (base 6) in base 11?
-2089024
1110011001001111100 (base 2) to base 5
110043201
What is a4379 (base 12) in base 5?
23333142
Convert 23000142 (base 5) to base 2.
110001100110100100
What is 119642b (base 15) in base 13?
28013b7
What is -4442231 (base 5) in base 2?
-10010111111111000
4a8468 (base 13) to base 8
6646300
Convert -664390 (base 14) to base 7.
-41326040
Convert -12220021222 (base 3) to base 4.
-130112132
-20340034 (base 6) to base 4
-2033221312
What is -26a2 (base 14) in base 12?
-3b32
Convert 101110010111110011 (base 2) to base 6.
4023203
32277 (base 8) to base 2
11010010111111
What is 50149 (base 11) in base 6?
1323415
Convert -814107 (base 9) to base 7.
-4045060
What is 120366213 (base 7) in base 15?
9cae70
What is 12512201 (base 6) in base 10?
413929
10001001011101100 (base 2) to base 6
1301500
-200020101222 (base 3) to base 14
-94b64
What is -8e2391 (base 15) in base 2?
-11001111010000010001111
Convert 110211102000002 (base 3) to base 10.
6818339
What is -1d908 (base 14) in base 9?
-125048
What is -502825 (base 10) in base 6?
-14435521
What is 462d (base 15) in base 11?
1020a
What is -10355261 (base 7) in base 8?
-3306021
Convert 1212200210100 (base 3) to base 6.
33215400
Convert -4500003 (base 9) to base 10.
-2421012
What is 69859 (base 11) in base 15?
1ed3c
110101221111 (base 3) to base 4
323213032
What is -1001010010111101101 (base 2) in base 10?
-304621
6541058 (base 9) to base 12
1213945
What is 252123 (base 8) in base 14?
23a71
105445 (base 9) to base 13
22919
Convert -101001010111000011000 (base 2) to base 3.
-2112212002212
What is -1110001101101110011 (base 2) in base 15?
-9301e
5026208 (base 9) to base 12
a8bb5b
What is 108a447 (base 11) in base 2?
111010000011111000110
What is -8d011 (base 14) in base 9?
-572467
What is -76313 (base 11) in base 10?
-110850
-131131323 (base 4) to base 8
-353573
Convert -3302211 (base 6) to base 15.
-33807
Convert 377f4 (base 16) to base 11.
145871
What is 45534 (base 11) in base 13?
23c93
What is 100000011001010000100 (base 2) in base 8?
4031204
525110 (base 9) to base 12
130746
What is -3414043 (base 5) in base 10?
-60523
65066 (base 8) to base 3
1101022001
Convert 1335218 (base 9) to base 14.
150b27
-67dd (base 14) to base 2
-100011001101111
Convert 11100100100110111100 (base 2) to base 10.
936380
Convert -20000221201011 (base 3) to base 2.
-1100001111000011011100
What is -4894656 (base 10) in base 15?
-66a406
Convert 13ab82a (base 12) to base 15.
533524
Convert 80a038 (base 11) to base 12.
5293bb
-174202 (base 8) to base 3
-10020021020
Convert 43998 (base 12) to base 13.
319a9
Convert 225033 (base 13) to base 4.
3011323233
Convert 1ad55 (base 15) to base 8.
252524
What is -309bcc (base 13) in base 3?
-2010200212012
-10210021 (base 6) to base 16
-4875d
-133210414 (base 5) to base 6
-22314511
What is 7a790 (base 11) in base 12?
57687
Convert 1acb1 (base 13) to base 3.
2200021222
What is 1067316 (base 11) in base 7?
21613166
Convert -211212222122120 (base 3) to base 2.
-101110011001101011111111
2035225 (base 7) to base 14
65085
154340240 (base 6) to base 14
61a8b6
Convert -7b789 (base 13) to base 10.
-225390
Convert 9642ab (base 16) to base 4.
211210022223
What is 201330104 (base 5) in base 3?
1112001120122
6c983 (base 16) to base 12
1954ab
Convert -104871 (base 9) to base 5.
-4001202
What is -53717 (base 9) in base 12?
-18707
What is 16480270 (base 9) in base 8?
37405654
What is 120166055 (base 7) in base 13?
1708a57
42324130 (base 5) to base 3
200000212000
-1409b89 (base 13) to base 14
-bac2d0
Convert 510640a (base 11) to base 13.
1b40c26
What is 20b23 (base 16) in base 3?
20210201010
-1b7370 (base 14) to base 9
-1753635
Convert 98759 (base 12) to base 10.
201525
What is -35c41 (base 16) in base 10?
-220225
102103230 (base 4) to base 14
1d484
What is -111888 (base 10) in base 14?
-2cac0
625956 (base 10) to base 3
1011210122120
4f44a (base 16) to base 3
121111101021
What is -105b78 (base 12) in base 16?
-3f44c
What is -1081538 (base 10) in base 9?
-2027528
Convert -6050456 (base 7) to base 5.
-140440021
105da7 (base 15) to base 10
779332
Convert -257010 (base 12) to base 8.
-2256114
1757302 (base 12) to base 10
4844018
Convert 304477 (base 8) to base 14.
2898b
What is 22211211202 (base 3) in base 15?
368cb
Convert -6572515 (base 9) to base 7.
-42006326
-10c995 (base 14) to base 5
-121311042
Convert 116a804 (base 16) to base 4.
1011222200010
-3140028 (base 9) to base 5
-412222032
-13013211122 (base 4) to base 14
-3680b0
68b87 (base 12) to base 4
202022113
What is -4505 (base 9) in base 16?
-cfe
Convert -100331414 (base 5) to base 13.
-111046
Convert 1843a (base 16) to base 2.
11000010000111010
Convert -2c09d (base 14) to base 8.
-326513
7973868 (base 11) to base 13
2b79223
11001111010011000100100 (base 2) to base 6
401331512
What is 1055320 (base 6) in base 11?
37907
What is 171363 (base 10) in base 15?
35b93
Convert 123445 (base 9) to base 4.
102033203
What is -33042244 (base 5) in base 2?
-1000101010110101010
-c2a82 (base 13) to base 3
-122201122001
11554424 (base 7) to base 5
231220233
-120202210121 (base 3) to base 2
-1001011110010001000
What is 43300213 (base 6) in base 2?
100111001010000110001
Convert -112223101 (base 4) to base 11.
-63868
1114214404 (base 5) to base 10
2491854
-1512824 (base 9) to base 7
-10046332
What is 10000012011200 (base 3) in base 9?
3005150
Convert -104505500 (base 6) to base 4.
-13101123030
Convert 20d4d5 (base 14) to base 15.
16e87b
What is 4861024 (base 9) in base 15?
371a9d
-233402434 (base 5) to base 16
-1068a9
Convert -24162336 (base 7) to base 